{"id":154,"date":"2017-03-01T15:00:02","date_gmt":"2017-03-01T15:00:02","guid":{"rendered":"http:\/\/up-elearning.com\/?page_id=154"},"modified":"2018-02-06T17:07:51","modified_gmt":"2018-02-06T17:07:51","slug":"contenidos","status":"publish","type":"page","link":"https:\/\/up-elearning.com\/index.php\/contenidos\/","title":{"rendered":"Contenidos"},"content":{"rendered":"<p>[et_pb_section bb_built=\u00bb1&#8243; admin_label=\u00bbsection\u00bb][et_pb_row admin_label=\u00bbFila\u00bb][et_pb_column type=\u00bb4_4&#8243;][et_pb_text admin_label=\u00bbUp &#8211; Contenidos\u00bb]<\/p>\n<h1><span style=\"color: #ff6600;\">Up<\/span> &#8211; Contenidos<\/h1>\n<p>[\/et_pb_text][\/et_pb_column][\/et_pb_row][et_pb_row admin_label=\u00bbrow\u00bb][et_pb_column type=\u00bb4_4&#8243;][et_pb_cta admin_label=\u00bbLlamada a la acci\u00f3n\u00bb title=\u00bbNuestros cursos est\u00e1n enfocados al \u00e1mbito de la capacitaci\u00f3n laboral, para la mejora del desempe\u00f1o de los trabajadores aumentando la eficiencia y efectividad organizacional de la empresa.\u00bb text_orientation=\u00bbleft\u00bb \/][et_pb_text admin_label=\u00bbTexto\u00bb]<\/p>\n<h2 style=\"text-align: center;\"><span style=\"color: #ff6600;\"><strong>Contenidos para cualquier plataforma de Software LMS<\/strong><\/span><\/h2>\n<p>[\/et_pb_text][\/et_pb_column][\/et_pb_row][et_pb_row admin_label=\u00bbFila\u00bb][et_pb_column type=\u00bb1_3&#8243;][et_pb_blurb admin_label=\u00bbAnuncio\u00bb title=\u00bbIT &#8211; Formaci\u00f3n\u00bb use_icon=\u00bbon\u00bb font_icon=\u00bb%%171%%\u00bb icon_color=\u00bb#ffffff\u00bb use_circle=\u00bbon\u00bb animation=\u00bbbottom\u00bb text_orientation=\u00bbcenter\u00bb]<\/p>\n<p>Todos nuestros cursos han sido<br \/>\nrealizados y contrastados en<br \/>\nnumerosas empresas.<\/p>\n<p>A\u00f1o tras a\u00f1o actualizamos aquellos<br \/>\ncursos cuya tem\u00e1tica hayan sufrido<br \/>\nmodificaciones por necesidades<br \/>\nformativas del mercado.<\/p>\n<p>[\/et_pb_blurb][\/et_pb_column][et_pb_column type=\u00bb1_3&#8243;][et_pb_blurb admin_label=\u00bbAnuncio\u00bb title=\u00bbDise\u00f1o y Creaci\u00f3n\u00bb use_icon=\u00bbon\u00bb font_icon=\u00bb%%234%%\u00bb icon_color=\u00bb#ffffff\u00bb use_circle=\u00bbon\u00bb animation=\u00bbbottom\u00bb text_orientation=\u00bbcenter\u00bb]<\/p>\n<p>Elaborados por expertos en las<br \/>\ntem\u00e1ticas del programa<br \/>\nformativo, con el asesoramiento<br \/>\nde pedagogos especializados en<br \/>\ndise\u00f1o instruccional y<br \/>\nprofesionales de la comunicaci\u00f3n<br \/>\ny dise\u00f1o. Garant\u00eda de adquisici\u00f3n<br \/>\nde los objetivos del curso.<br \/>\nCada acci\u00f3n formativa es \u00fanica,<br \/>\nrealizando las finalizaciones<br \/>\nt\u00e9cnicas y pedag\u00f3gicas acorde a sus necesidades.<\/p>\n<p>[\/et_pb_blurb][\/et_pb_column][et_pb_column type=\u00bb1_3&#8243;][et_pb_blurb admin_label=\u00bbAnuncio\u00bb title=\u00bbMultiplataforma\u00bb use_icon=\u00bbon\u00bb font_icon=\u00bb%%165%%\u00bb icon_color=\u00bb#ffffff\u00bb use_circle=\u00bbon\u00bb animation=\u00bbbottom\u00bb text_orientation=\u00bbcenter\u00bb]<\/p>\n<p>Lo importante de la adaptabilidad de los sistemas de e-learning es la posibilidad de adecuar el aprendizaje a cada tipo de usuario, pudiendo reutilizar dicha adaptaci\u00f3n para otros sistemas.<br \/>\nUp \u2013 Contenidos: compatible\u00a0a cualquier plataforma de aprendizaje de Software LMS.<\/p>\n<p>[\/et_pb_blurb][\/et_pb_column][\/et_pb_row][et_pb_row admin_label=\u00bbFila\u00bb][et_pb_column type=\u00bb4_4&#8243;][et_pb_cta admin_label=\u00bbLlamada a la acci\u00f3n\u00bb title=\u00bbConsulte nuestra oferta formativa completa\u00bb button_url=\u00bbhttp:\/\/up-elearning.com\/descargas\/Catalogo_Formacion.xlsx\u00bb url_new_window=\u00bbon\u00bb button_text=\u00bbVer cat\u00e1logo\u00bb background_color=\u00bb#7ebec5&#8243; button_icon=\u00bb%%169%%\u00bb use_background_color=\u00bbon\u00bb background_layout=\u00bbdark\u00bb text_orientation=\u00bbcenter\u00bb use_border_color=\u00bboff\u00bb border_color=\u00bb#ffffff\u00bb border_style=\u00bbsolid\u00bb custom_button=\u00bboff\u00bb button_letter_spacing=\u00bb0&#8243; button_use_icon=\u00bbdefault\u00bb button_icon_placement=\u00bbright\u00bb button_on_hover=\u00bbon\u00bb button_letter_spacing_hover=\u00bb0&#8243; \/][\/et_pb_column][\/et_pb_row][et_pb_row admin_label=\u00bbFila\u00bb][et_pb_column type=\u00bb4_4&#8243;][et_pb_divider admin_label=\u00bbSeparador\u00bb color=\u00bb#ff6600&#8243; show_divider=\u00bbon\u00bb divider_style=\u00bbdotted\u00bb divider_position=\u00bbtop\u00bb custom_css_main_element=\u00bbpadding-bottom:35px;\u00bb \/][et_pb_text admin_label=\u00bbTexto\u00bb]<\/p>\n<h1><span style=\"color: #ff6600;\">Estructura de los contenidos<\/span><\/h1>\n<p>[\/et_pb_text][\/et_pb_column][\/et_pb_row][et_pb_row admin_label=\u00bbFila\u00bb][et_pb_column type=\u00bb2_3&#8243;][et_pb_text admin_label=\u00bbTexto\u00bb]<\/p>\n<h3>Gu\u00edas did\u00e1cticas PERSONALIZABLES POR ALUMNO<\/h3>\n<p>Objetivos a alcanzar, contenidos impartidos en el curso, metodolog\u00eda de evaluaci\u00f3n que se va a llevar a cabo, recursos did\u00e1cticos disponibles e itinerario formativo.<\/p>\n<h3>Organizaci\u00f3n secuencial<\/h3>\n<p>Contenidos organizados secuencialmente por orden de dificultad. Con ello se promueve la asimilaci\u00f3n de nuevos conocimientos, permitiendo la flexibilidad de horarios para el aprendizaje.<\/p>\n<h3>Flexibilidad cognitiva<\/h3>\n<p>Promoviendo que los alumnos\/as analicen los diferentes puntos de vista y contextos, se consigue adaptar el contenido formativo a las necesidades de aprendizaje espec\u00edficas.<\/p>\n<h3><\/h3>\n<p>[\/et_pb_text][\/et_pb_column][et_pb_column type=\u00bb1_3&#8243;][et_pb_image admin_label=\u00bbImagen\u00bb src=\u00bbhttp:\/\/up-elearning.com\/wp-content\/uploads\/2017\/03\/network-1989146_960_720.png\u00bb \/][\/et_pb_column][\/et_pb_row][et_pb_row admin_label=\u00bbFila\u00bb][et_pb_column type=\u00bb1_3&#8243;][et_pb_image admin_label=\u00bbImagen\u00bb src=\u00bbhttp:\/\/up-elearning.com\/wp-content\/uploads\/2017\/03\/tree-200795_960_720.jpg\u00bb \/][\/et_pb_column][et_pb_column type=\u00bb2_3&#8243;][et_pb_text admin_label=\u00bbTexto\u00bb]<\/p>\n<h3>Aprendizaje significativo<\/h3>\n<p>Para favorecerlo, se incorporan elementos como mapas conceptuales, \u00edndices laterales, an\u00e1lisis de casos pr\u00e1cticos, simulaciones, ejemplos, etc.<\/p>\n<h3>Aprendizaje activo<\/h3>\n<p>Mediante el desarrollo de actividades pr\u00e1cticas, se conduce al alumnado a situaciones motivadoras.<\/p>\n<h3>Evaluaci\u00f3n continua<\/h3>\n<p>A trav\u00e9s de ejercicios tipo test, cuestionarios de evaluaci\u00f3n, actividades pr\u00e1cticas, etc.<\/p>\n<h3><\/h3>\n<p>[\/et_pb_text][\/et_pb_column][\/et_pb_row][et_pb_row admin_label=\u00bbFila\u00bb][et_pb_column type=\u00bb2_3&#8243;][et_pb_text admin_label=\u00bbTexto\u00bb]<\/p>\n<h3>Navegaci\u00f3n<\/h3>\n<p>Nuestros cursos est\u00e1n pensados para facilitar una navegaci\u00f3n sencilla y accesible, con recorridos intuitivos por los recursos formativos.<\/p>\n<h3>Dise\u00f1o atractivo<\/h3>\n<p>Creados especialmente para motivar y animar el aprendizaje a trav\u00e9s de la pantalla, con refuerzo de elementos interactivos multimedia (locuciones, im\u00e1genes, gr\u00e1ficos, etc).<\/p>\n<h3>Ejercicios interactivos<\/h3>\n<p>Para que el alumno\/a pueda afianzar los conocimientos aprendidos, as\u00ed como para la valoraci\u00f3n del proceso.<\/p>\n<h3>Actividades pr\u00e1cticas<\/h3>\n<p>Permiten al alumnado aplicar las ideas estudiadas, y llevarlas a la pr\u00e1ctica de una situaci\u00f3n profesional concreta.<\/p>\n<h3><\/h3>\n<p>[\/et_pb_text][\/et_pb_column][et_pb_column type=\u00bb1_3&#8243;][et_pb_image admin_label=\u00bbImagen\u00bb src=\u00bbhttp:\/\/up-elearning.com\/wp-content\/uploads\/2017\/03\/diseno.png\u00bb \/][\/et_pb_column][\/et_pb_row][et_pb_row admin_label=\u00bbFila\u00bb][et_pb_column type=\u00bb1_3&#8243;][et_pb_image admin_label=\u00bbImagen\u00bb src=\u00bbhttp:\/\/up-elearning.com\/wp-content\/uploads\/2017\/03\/library_onlie.png\u00bb \/][\/et_pb_column][et_pb_column type=\u00bb2_3&#8243;][et_pb_text admin_label=\u00bbTexto\u00bb]<\/p>\n<h3>Ex\u00e1menes de Autoevaluaci\u00f3n<\/h3>\n<p>El alumno\/a podr\u00e1 conocer su progreso de aprendizaje de la unidad did\u00e1ctica. Adem\u00e1s, si no responde correctamente, recibe una retroalimentaci\u00f3n donde puede conocer la informaci\u00f3n referente a la pregunta.<\/p>\n<h3>Art\u00edculos complementarios<\/h3>\n<p>Adem\u00e1s de los contenidos establecidos, disponemos de una biblioteca con art\u00edculos electr\u00f3nicos sobre las tem\u00e1ticas tratadas.<\/p>\n<h3>Direcciones de inter\u00e9s<\/h3>\n<p>Incorporamos direcciones que pueden resultar de inter\u00e9s para complementar o profundizar, con idea de que sean visitadas y sirvan de apoyo al aprendizaje.<\/p>\n<p>[\/et_pb_text][\/et_pb_column][\/et_pb_row][et_pb_row admin_label=\u00bbFila\u00bb][et_pb_column type=\u00bb4_4&#8243;][et_pb_cta admin_label=\u00bbLlamada a la acci\u00f3n\u00bb title=\u00bb%22No hay que empezar siempre por la noci\u00f3n primera de las cosas que se estudian, sino por aquello que puede facilitar el aprendizaje.%22 (Arist\u00f3teles)\u00bb text_orientation=\u00bbleft\u00bb \/][\/et_pb_column][\/et_pb_row][\/et_pb_section]<\/p>\n","protected":false},"excerpt":{"rendered":"<p>Up &#8211; Contenidos Contenidos para cualquier plataforma de Software LMS Todos nuestros cursos han sido realizados y contrastados en numerosas empresas. A\u00f1o tras a\u00f1o actualizamos aquellos cursos cuya tem\u00e1tica hayan sufrido modificaciones por necesidades formativas del mercado. Elaborados por expertos en las tem\u00e1ticas del programa formativo, con el asesoramiento de pedagogos especializados en dise\u00f1o instruccional [&hellip;]<\/p>\n","protected":false},"author":1,"featured_media":0,"parent":0,"menu_order":0,"comment_status":"closed","ping_status":"closed","template":"","meta":{"_et_pb_use_builder":"on","_et_pb_old_content":"","_et_gb_content_width":"","footnotes":""},"class_list":["post-154","page","type-page","status-publish","hentry"],"jetpack_sharing_enabled":true,"_links":{"self":[{"href":"https:\/\/up-elearning.com\/index.php\/wp-json\/wp\/v2\/pages\/154"}],"collection":[{"href":"https:\/\/up-elearning.com\/index.php\/wp-json\/wp\/v2\/pages"}],"about":[{"href":"https:\/\/up-elearning.com\/index.php\/wp-json\/wp\/v2\/types\/page"}],"author":[{"embeddable":true,"href":"https:\/\/up-elearning.com\/index.php\/wp-json\/wp\/v2\/users\/1"}],"replies":[{"embeddable":true,"href":"https:\/\/up-elearning.com\/index.php\/wp-json\/wp\/v2\/comments?post=154"}],"version-history":[{"count":31,"href":"https:\/\/up-elearning.com\/index.php\/wp-json\/wp\/v2\/pages\/154\/revisions"}],"predecessor-version":[{"id":393,"href":"https:\/\/up-elearning.com\/index.php\/wp-json\/wp\/v2\/pages\/154\/revisions\/393"}],"wp:attachment":[{"href":"https:\/\/up-elearning.com\/index.php\/wp-json\/wp\/v2\/media?parent=154"}],"curies":[{"name":"wp","href":"https:\/\/api.w.org\/{rel}","templated":true}]}}